lse
Is 98237 a prime number?
False
Is 15107 prime?
True
Is 5003 a composite number?
False
Is 71777 a prime number?
True
Is 26807 a composite number?
True
Is 52919 composite?
False
Is 1367 a composite number?
False
Is 7991 a composite number?
True
Is 209903 a prime number?
False
Is 1322377 composite?
True
Is 604621 prime?
False
Is 1297 a composite number?
False
Is 130091 a composite number?
True
Is 2264549 a prime number?
False
Is 23509 prime?
True
Is 1147 composite?
True
Is 78753 composite?
True
Is 479 a prime number?
True
Is 9442 a composite number?
True
Is 501 a composite number?
True
Is 4417 composite?
True
Is 132631 a prime number?
True
Is 21418 composite?
True
Is 124633 a prime number?
True
Is 52223 a prime number?
True
Is 889 a composite number?
True
Is 38903 a composite number?
False
Is 288941 prime?
False
Is 90899 a composite number?
True
Is 29123 a prime number?
True
Is 18077 a prime number?
True
Is 7003 a composite number?
True
Is 549383 composite?
True
Is 13939 composite?
True
Is 314789 a prime number?
False
Is 2371 composite?
False
Is 13799 a prime number?
True
Is 57881 composite?
False
Is 283621 composite?
True
Is 48071 prime?
False
Is 211534 composite?
True
Is 1397 a prime number?
False
Is 14737 a prime number?
True
Is 17231 a prime number?
True
Is 1329317 prime?
False
Is 54437 a prime number?
True
Is 27901 composite?
False
Is 316735 composite?
True
Is 97231 a composite number?
False
Is 240083 a prime number?
False
Is 40561 prime?
False
Is 178531 prime?
True
Is 3265 composite?
True
Is 13309 composite?
False
Is 7061 composite?
True
Is 15893 composite?
True
Is 1283 a prime number?
True
Is 862423 composite?
False
Is 1931 a composite number?
False
Is 69821 a prime number?
True
Is 185429 prime?
True
Is 3891 a composite number?
True
Is 2047 composite?
True
Is 17497 prime?
True
Is 1456799 a composite number?
False
Is 316753 a prime number?
True
Is 12515 prime?
False
Is 39247 a prime number?
False
Is 32369 composite?
False
Is 278813 composite?
False
Is 40195 a composite number?
True
Is 171007 composite?
False
Is 53545 prime?
False
Is 16143 a composite number?
True
Is 90541 prime?
False
Is 346 a composite number?
True
Is 58039 a composite number?
True
Is 66841 a prime number?
True
Is 43481 composite?
False
Is 31495 prime?
False
Is 44049 prime?
False
Is 10133 a composite number?
False
Is 680039 prime?
True
Is 140497 a composite number?
True
Is 19697 composite?
False
Is 13701 prime?
False
Is 14206 a composite number?
True
Is 11962 prime?
False
Is 55 a prime number?
False
Is 21719 a prime number?
False
Is 22613 prime?
True
Is 5095 a prime number?
False
Is 7993 prime?
True
Is 1306493 a composite number?
True
Is 871 composite?
True
Is 13319 a composite number?
True
Is 887 a composite number?
False
Is 8023 prime?
False
Is 179591 composite?
False
Is 100823 composite?
False
Is 1959149 composite?
False
Is 47767 a composite number?
True
Is 10279 composite?
True
Is 171485 composite?
True
Is 1043 prime?
False
Is 269923 a composite number?
False
Is 109097 prime?
True
Is 3728447 a composite number?
False
Is 383821 a composite number?
False
Is 15389 prime?
False
Is 123143 a composite number?
False
Is 899 composite?
True
Is 9403 prime?
True
Is 126091 prime?
False
Is 3433 a composite number?
False
Is 17455 prime?
False
Is 8511 prime?
False
Is 1371719 a prime number?
False
Is 24571 prime?
True
Is 63737 composite?
False
Is 16301 prime?
True
Is 1224311 prime?
False
Is 36587 a composite number?
False
Is 8861 composite?
False
Is 8903 a prime number?
False
Is 275257 a prime number?
False
Is 374797 a composite number?
False
Is 28693 a composite number?
True
Is 20569 composite?
True
Is 35031 a composite number?
True
Is 3415021 composite?
False
Is 6319 composite?
True
Is 347237 prime?
False
Is 20467 prime?
False
Is 566 a composite number?
True
Is 3455 prime?
False
Is 237707 prime?
True
Is 1126 prime?
False
Is 6031 composite?
True
Is 162553 prime?
True
Is 15227 a prime number?
True
Is 142847 a prime number?
False
Is 225919 a composite number?
False
Is 550607 a composite number?
False
Is 71593 a composite number?
False
Is 5221 a prime number?
False
Is 209 a composite number?
True
Is 228941 a prime number?
False
Is 185083 a prime number?
False
Is 7369 composite?
False
Is 491 a composite number?
False
Is 1723595 a prime number?
False
Is 128689 composite?
True
Is 87083 a prime number?
True
Is 33227 a composite number?
True
Is 705473 a prime number?
False
Is 10973 a prime number?
True
Is 1337 composite?
True
Is 51259 a composite number?
True
Is 183629 a composite number?
True
Is 33403 a prime number?
True
Is 799 a composite number?
True
Is 315247 a prime number?
True
Is 79703 composite?
True
Is 31907 a composite number?
False
Is 1248529 composite?
False
Is 194 a composite number?
True
Is 42281 composite?
False
Is 13367 a prime number?
True
Is 2679097 a prime number?
False
Is 28983 prime?
False
Is 1403 prime?
False
Is 8654 a prime number?
False
Is 4049 a prime number?
True
Is 204089 a prime number?
False
Is 57578 a composite number?
True
Is 68933 prime?
False
Is 2077 composite?
True
Is 18499 composite?
True
Is 1068857 prime?
True
Is 30729 a prime number?
False
Is 147073 a prime number?
True
Is 9587 a composite number?
False
Is 34123 a prime number?
True
Is 87313 prime?
True
Is 462157 a composite number?
True
Is 261673 a prime number?
True
Is 53539 a composite number?
True
Is 335 a prime number?
False
Is 2811 prime?
False
Is 16597 a prime number?
False
Is 11698 composite?
True
Is 2777 a prime number?
True
Is 37321 composite?
False
Is 42541 a prime number?
False
Is 3281483 prime?
True
Is 13171 prime?
True
Is 10427 a composite number?
False
Is 742559 composite?
False
Is 7993 a prime number?
True
Is 110713 composite?
True
Is 184993 a composite number?
False
Is 99173 a composite number?
False
Is 165079 a prime number?
True
Is 1635355 a composite number?
True
Is 14113 prime?
False
Is 194003 a composite number?
False
Is 46738 prime?
False
Is 2051999 composite?
False
Is 348191 prime?
True
Is 3949 a composite number?
True
Is 28697 prime?
True
Is 3937 a prime number?
False
Is 2923 composite?
True
Is 145349 a composite number?
False
Is 25895 composite?
True
Is 8879 composite?
True
Is 96059 prime?
True
Is 42847 a prime number?
False
Is 233 a prime number?
True
Is 234197 prime?
True
Is 16127 a composite number?
False
Is 21851 prime?
True
Is 20737 prime?
False
Is 129317 composite?
True
Is 249706 a prime number?
False
Is 3127 a prime number?
False
Is 7817 a composite number?
False
Is 264713 prime?
False
Is 60641 a prime number?
False
Is 317 prime?
True
Is 1217759 a composite number?
False
Is 3299 composite?
False
Is 745 composite?
True
Is 522401 prime?
False
Is 55049 prime?
True
Is 422923 prime?
True
Is 384437 a composite number?
False
Is 7631 a prime number?
False
Is 3161209 prime?
True
Is 293857 composite?
True
Is 124045 a prime number?
False
Is 6047 a composite number?
False
Is 8603 composite?
True
Is 2053 composite?
False
Is 115487 a prime number?
False
Is 1735234 a composite number?
True
Is 6613 composite?
True
Is 4037 prime?
False
Is 2305 a prime number?
False
Is 119594 a prime number?
False
Is 434479 a prime number?
True
Is 120277 composite?
False
Is 2777 a composite number?
False
Is 15193 a composite number?
False
Is 9091 composite?
False
Is 3151 prime?
False
Is 24571 a composite number?
False
Is 146369 prime?
True
Is 112071 composite?
True
Is 4809883 a prime number?
False
Is 941102 composite?
True
Is 141601 a composite number?
False
Is 441403 prime?
True
Is 42691 composite?
True
Is 70177 a prime number?
True
Is 1621 a prime number?
True
Is 3691 a composite number?
False
Is 403129 a composite number?
True
Is 8297 composite?
False
Is 744197 composite?
True
Is 965882 composite?
True
Is 3722 a prime number?
False
Is 23663 a prime number?
True
Is 684055 a prime number?
False
Is 24499 prime?
True
Is 1657 a composite number?
False
Is 28277 a composite number?
False
Is 2296963 composite?
False
Is 1450613 prime?
True
Is 734993 prime?
False
Is 16309 a prime number?
False
Is 105071 a composite number?
False
Is 719 a prime number?
True
Is 24571 prime?
True
Is 116777 prime?
False
Is 15053 a composite number?
False
Is 594535 a prime number?
False
Is 295411 composite?
False
Is 713 a pri